 + 14 + 4. Give a(4).
-4
Let m(h) be the second derivative of -1/10*h**5 + 5/12*h**4 - 14*h - 4 - 2*h**2 - 1/2*h**3. Calculate m(3).
-22
Let k(n) = 47 - 35*n - 173 - 67 - 3*n - n. Determine k(-5).
2
Let g(i) = 2*i**3 - 5*i**2 - 5*i - 8. Let s be g(-3). Let l = -25 + s. Let u = -122 - l. Let w(c) = -2*c + 2. Calculate w(u).
12
Let f(w) = 0*w + 60 - 8*w - 46 + 18*w - 5*w. Determine f(10).
64
Let m(l) = 2*l**2 - 3*l - 18. Let d(n) = -n**2 + 4*n + 18. Let o(p) = -3*d(p) - 2*m(p). What is o(-7)?
-25
Let u(k) = -6 + 22 - 4*k + 3 - 4*k**2 - 8 + k**3 - 8. Suppose 0 = 4*a - 12 - 0. Suppose 3*n + 22 = 5*j, n + 14 = 6*j - a*j. What is u(j)?
8
Let j(p) = -4*p**3 - 2 - 3*p + 6*p**2 + 4*p**3 - p**3 - 8*p**2 + 7*p**2. Determine j(4).
2
Let q(s) be the first derivative of s**6/360 - s**5/15 - s**4/12 + 14*s**3/3 - 26. Let a(o) be the third derivative of q(o). Give a(8).
-2
Let s(z) = -2*z**3 + 2*z + 2. Let k(b) = 9*b**3 + 5*b**2 - 14*b - 17. Let i(g) = k(g) + 5*s(g). Give i(5).
-27
Let q(g) = g + 1. Let y be ((-31)/2 - 1)*(-3 + -1). Let m(j) = -y*j**2 + 31*j**2 + 34*j**2. Let v(w) = 3*m(w) - 2*q(w). What is v(-3)?
-23
Let g(o) be the second derivative of 5/12*o**4 + 49*o + 0 - 3/2*o**2 - 1/20*o**5 - 2/3*o**3. Determine g(5).
-23
Let x(q) = 3*q - 169. Suppose 189*o - 158*o = -606*o. Give x(o).
-169
Let w(c) be the first derivative of -8*c**3/3 - c**2 + 2*c - 2537. Determine w(-3).
-64
Let r(m) = -m**2 + 19*m - 17. Let h(y) = -27*y + 1014. Let f be h(37). Determine r(f).
43
Let v(l) = 19354 + 19326 + 3*l - 38742. Calculate v(23).
7
Let p(a) = -10*a - 86. Let t be p(-8). Let x(f) = 6*f**2 - f**3 + 13*f**2 + 7*f - 24*f**2 + 0*f**3 - 2. Determine x(t).
-8
Let y(f) be the second derivative of -f**3/6 + 15*f**2/2 + 13*f. Let m(g) = -g + 13. Let u be m(11). Suppose -18 = -4*r + u*r. Give y(r).
6
Let z(a) = -12*a**2 + 18*a + 19. Let i(r) = 4*r**2 - 10*r - 5. Let q(o) = 11*i(o) + 4*z(o). Determine q(-10).
1
Let n = -32159 + 32163. Let z(v) = -19*v + 15. Give z(n).
-61
Let h be -2*1/(-2) + 28/7. Let o(x) = 4 + 1 - 11 + h - 32*x**3. What is o(-1)?
31
Let g(k) = 34*k - 16. Let p(n) = 181*n - 84. Let m(r) = -16*g(r) + 3*p(r). Suppose 3*u - t + 12 = 0, -6*t + 15 = -t. What is m(u)?
7
Let o(a) = -20*a - 106. Let s be o(-16). Let x(g) = -69*g - 74*g - 5 + s*g - 67*g. Give x(5).
15
Let r = 4821 - 4794. Let a(t) = t - 4. Calculate a(r).
23
Let t(i) be the first derivative of -i**3/6 + 9*i**2/2 + 10*i + 73. Let q(g) be the first derivative of t(g). Give q(4).
5
Let r = 8 - 12. Let h = 523 - 520. Let b(d) = 77*d - h - 79*d - 1 + 3 + 0. Determine b(r).
7
Let w(y) = y**2 - y + 1. Let c(v) = -3*v**2 - 8*v + 7. Let g be (-66)/(-14) - 4/(-112)*8. Let a(m) = g*w(m) + c(m). Give a(6).
6
Suppose 5*t = -3*s - 2, 5*t + 26 = 23*s - 22*s. Suppose -s*h + 203 = 185. Let f(b) = 2*b**2 + b - 4. Give f(h).
17
Let n(o) be the third derivative of 1/6*o**3 + 0*o - 1/30*o**5 + 22*o**2 - 1/24*o**4 + 0. Let h be ((-6)/(-2))/(24/(-16)). Give n(h).
-5
Let t(s) = -s + 1. Let p(q) = -q**3 + 3*q**2 - 4. Let y(d) = -d**2 - 6*d - 2. Let m be y(-5). Let c be (-1)/((-1 + m)/(-8)*2). Let o be p(c). Determine t(o).
1
Let j(b) = -21 - 26 + 64 + 24*b. Let s(u) = 7*u + 6. Let t(d) = -2*j(d) + 7*s(d). What is t(-2)?
6
Let n(c) be the first derivative of -2*c**2 - 23*c - 829. What is n(-3)?
-11
Let b = 169 + -160. Suppose b = 37*i - 38*i. Let t(s) = s + 18. Give t(i).
9
Let h(j) = -27*j**3 + 16*j + 28 + 40*j**3 + 17*j**2 - 14*j**3. Calculate h(18).
-8
Let m(p) = -p**3 - 4*p**2 + 2*p + 5. Let l(t) = -t + 4. Let n be l(5). Let z = 223 - 225. Let g be -7 + 2 + n + z/(-1). Give m(g).
-3
Let r(m) = -m**2 + 0 + m + 10 - 11. Let j(k) be the third derivative of k**5/60 + k**4/12 + k**3/2 - 4*k**2. Let q(p) = -j(p) - 4*r(p). Determine q(4).
25
Let d(n) = -n. Let g(q) = 5*q + q - 5 - 2*q. Let u(r) = -14*d(r) - 2*g(r). What is u(-3)?
-8
Let k = -844 - -858. Let x(j) = -8*j**2 - 18 - 5 - j**3 + 7 + k*j + 2*j**2 + 6. Give x(-8).
6
Let g(k) = k**3 + 55*k**2 - 110*k + 225. Let c be g(-57). Let b(s) = -2*s + 4. Calculate b(c).
10
Let v(d) = 2*d**3 + 36*d**2 + 153*d - 2. Let f be v(-11). Let n(j) = -j - 22. Give n(f).
-31
Suppose -28 = -309*t + 307*t. Let v(q) = -3*q - 16*q**2 + t*q - 6*q + 2 - 4*q. What is v(-1)?
-15
Let g(r) = -r**2 - 14*r - 2. Let c(p) = -9*p + 3*p - 5*p + 3*p - p**2 - 26. Let h be c(-6). Determine g(h).
-2
Let a(r) be the first derivative of -r**4/4 - 5*r**3/3 + 5*r**2/2 + 7*r + 6081. What is a(-5)?
-18
Suppose -153*k + 4 = -151*k. Let a(p) = 4 - p**3 + 118*p**k - 62*p**2 + 5*p - 58*p**2. Give a(-3).
-2
Let l(t) be the second derivative of -t**5/20 - 3*t**4/2 + 7*t**3/2 - 8*t**2 - 741*t. What is l(-19)?
-54
Let b(v) = 5*v + 41. Let o = 27989 - 28000. Determine b(o).
-14
Suppose 0 = -3*a - 7 + 1. Let j(n) = -52*n**2 - 17*n + 26. Let b(w) = 3*w**2 + w - 1. Let t(c) = -17*b(c) - j(c). What is t(a)?
-5
Let b(d) be the second derivative of d**6/180 + d**5/20 - 61*d**4/12 - 30*d. Let l(g) be the third derivative of b(g). Give l(-5).
-14
Let q(s) = -4*s**2 + 0*s**2 + s - 3*s**2 + 0*s**2. Suppose 146*u = -101*u - 247. Give q(u).
-8
Let p(g) = -45*g**2 - 57 + 0*g**3 + 22*g + 102 + 2*g**3 - 49. Give p(22).
-4
Let q(j) = -2*j**2 - 7*j - 21. Let p be (-1*1)/((-53)/(-106)). Let c(g) = -g**2 - 3*g - 9. Let x(b) = p*q(b) + 5*c(b). What is x(-3)?
-9
Let h be 3*(8/(-3) - -4). Suppose 0*i + 10 = 5*i. Let p(f) = 0*f - 345*f**2 + 340*f**i + f**3 + 2*f. Determine p(h).
-8
Let y(q) = -q**3 + 8*q**2 - 6*q - 7. Let o = -138 - -147. Let i(j) = 10*j - 83. Let w be i(o). Calculate y(w).
0
Let r(a) = -3*a**2 + 7*a - 1. Suppose -112*w + 322 + 238 = 0. Give r(w).
-41
Let j(v) = 48*v**3 - 2*v**2 + 3*v - 2. Let m be -4 + (-1615)/(-285) + 4/(-6)*1. Calculate j(m).
47
Let c = -39648 + 39653. Let i(o) = o**3 - 8*o**2 + 20*o - 31. Determine i(c).
-6
Let j(n) = -n**2 - 3*n + 1. Let o be (-66)/(1/((-2)/(-3))). Let f = -42 - o. Give j(f).
-9
Let u be ((-16)/(-6))/((-1 - -7)/((-513)/(-114))). Let n(a) = 3 - a - a**2 - 3. What is n(u)?
-6
Let s(w) = 2*w - 1. Let r(g) = -10*g + 4. Let p(i) = -4*r(i) - 22*s(i). Suppose -v - 9 = -4*v, -5*v = -2*h - 7. Suppose h*j = 70 - 50. Give p(j).
-14
Let z(c) = 7*c**3 + 4*c**2 + 9. Let u(r) = r**3 - r**2 + 1. Let i(v) = -6*u(v) + z(v). Let b be 276/(-27) - (3/18)/(189/(-252)). Determine i(b).
3
Let h(g) = g**3 + 33*g**2 - 64*g + 210. Let x be h(-35). Let p(t) = t**2 + 38*t - 4. Give p(x).
-4
Let r(j) = 2*j + 6*j + 14*j**2 + 2*j - 10 + j**3 + 2*j. Suppose -146*z + 19 = -149*z - 4*h, -3*z + 5*h - 64 = 0. What is r(z)?
3
Let i be 9/(-2)*(-252)/567. Let o(r) = i*r + 208*r**3 - 5*r**2 - 209*r**3 + 0*r**2 - 8. Give o(-6).
16
Let o(q) be the third derivative of -q**5/60 + q**4/24 + q**3/2 - 4*q**2. Let b = -8 + 12. Suppose -2*z + 13 = -b*p + 31, -p = z. What is o(z)?
-9
Let j(o) be the third derivative of o**5/60 - 9*o**4/8 - 31*o**3/6 - 1602*o**2. Calculate j(28).
-3
Let q be (-3 + -62)/(-5) - 5. Let d(a) = q*a**2 + a**3 + 15 - 12 - 2*a - 6*a**2. Let b(x) = x**3 + 8*x**2 - 2*x - 19. Let s be b(-8). Determine d(s).
0
Let y(i) = -i**2 - 7*i - 4. Let o = 258 + -263. Let b(u) = -20 - u - u - u. Let k be b(o). Determine y(k).
6
Let v(g) = g + 16. Let p = 19569 + -19571. What is v(p)?
14
Suppose 0 = 21*z - 133 - 245. Let x(l) = -l**3 + 16*l**2 + 36*l - 14. What is x(z)?
-14
Let c be (-34 + 7)*93/(-837). Let w(y) = -3*y**3 + 5*y**2 + 3*y + 3. Give w(c).
-24
Suppose -40 = -6*y + y. Let m(k) = 4*k**3 - 8*k - y*k - 3*k**3 - 7*k**2 + 10*k - 7. Give m(8).
9
Let h(j) = 134*j**2 - 1. Suppose -5364*o + 5 = 3*f - 5365*o, -2*f - 34 = 4*o. What is h(f)?
133
Let d(z) be the first derivative of z**2/2 + 7*z + 611. Let v(t) = 2*t - 14. Let m be v(4). Give d(m).
1
Let f = 31 - 29. Suppose f*i = 3*r - 33, 5*i + 9 = -6. Let l(h) = -h**2 + 9*h + 3. What is l(r)?
3
Let y(k) = 9*k**3 - 23*k**2 + 10*k - 7. Let s(t) = -7*t**3 + 19*t**2 - 8*t + 6. Let c(q) = 5*s(q) + 4*y(q). Determine c(-4).
-14
Let m(w) = w**2 + 7*w + 1. Suppose -8*r - 9 = -33. Suppose -18 = -r*j - 42. Determine m(j).
9
Let r(i) = -6*i**2 - 1370 - 2*i**3 + 1373 + 19*i + 7*i. Calculate r(3).
-27
Let g(l) = l**2 + 99*l - 3869. Let r be g(30). Let k(p) be the second derivative of 3*p**5/5 + 2*p. Give k(r).
12
Let p = -7361 - -7336. Let w(l) = -l**2 - 26*l - 13. Give w(p).
12
Let h(z) 